d(-1). Let o be (-8)/w*(-252)/24. Is 14 a factor of (-4)/14 + (-228)/o?
False
Does 7 divide 336 + (8/28 - 120/(-21))?
False
Suppose -2*h - 5574 = 8*w - 12*w, 4178 = 3*w - h. Is w a multiple of 42?
False
Let m be (-6)/(-8) - 15/(-12). Suppose 56 = m*g - 4*w - 46, 3*w = -g + 61. Is g a multiple of 6?
False
Let h be (4/3)/(4/84). Let p(t) = -5*t**2 + 1. Let i be p(1). Let z = h + i. Is z a multiple of 5?
False
Let t be -2 - (-187 + 0 + 3 + -1). Suppose 98 = 2*c + 4*v, 0*v + 3*v = 3*c - t. Does 6 divide c?
False
Suppose 2*z - 2*c = 214, 4*z - 550 + 108 = -3*c. Is 5 a factor of z?
False
Is 8 a factor of (-10224)/(-63) + (27/(-21) - -1)?
False
Is 10 a factor of -6 + 4 + -4 + 56?
True
Let i(h) = -h**3 - 2*h**2 + 3*h. Let k be i(-4). Suppose 0 = 4*s - 6*s - k. Let g(u) = -4*u - 7. Is g(s) a multiple of 11?
True
Suppose 12298 - 36098 = -25*b. Is 34 a factor of b?
True
Let l be (4 + 377)*4/(-6). Let w = l - -383. Does 43 divide w?
True
Let a = -37 - -41. Let l(k) = 2*k**3 - 6*k**2 + 3*k - 2. Is l(a) a multiple of 14?
True
Let m(g) = g**3 + 3 + 0*g - 5 + g. Let b(s) = -s**3 + 2*s**2 + 2*s + 5. Let w be b(3). Is m(w) a multiple of 7?
False
Let a be (269 + -2)*(-2)/24*-4. Let c = a + -65. Is c a multiple of 12?
True
Is 39 a factor of ((-13)/8*18)/((-3)/156)?
True
Suppose 331 = 10*g + 71. Does 5 divide g?
False
Let l(j) = -j**2 + 5*j - 5. Let o be l(4). Let m be 7 + 2 + o + -2. Let a = m + 33. Is a a multiple of 13?
True
Let q(a) = 142*a**3 + 3*a**2 + 6*a + 7. Does 67 divide q(3)?
True
Suppose -q - 2*z = 4, -q - q + 3*z = -20. Suppose -q = -2*o + 292. Is 23 a factor of o?
False
Let q(l) = 6*l**2 - 4*l - 2. Let g be 3/2*(-20)/(-15). Suppose -4*v = 4*j - 16, 2*j - g = 4*v - 3*j. Does 7 divide q(v)?
True
Suppose -888 = -12*r + 84. Is 3 a factor of r?
True
Let z = 7 + -48. Let t = -97 - -76. Let b = t - z. Is 5 a factor of b?
True
Let t(y) = -2*y**3 + 13*y - 4. Let g(a) = 6*a**3 + a**2 - 38*a + 11. Let x(h) = -6*g(h) - 17*t(h). Let u(l) = l. Let v be u(-5). Does 11 divide x(v)?
False
Suppose 0 = 2*a - 28 + 10. Suppose y = -3*x - 8, -2*y + 4*x + 33 = a. Suppose -2*z + y*w - 6*w + 2 = 0, 5*z + w = 9. Is z a multiple of 2?
True
Let k(d) = d - 32. Let r be k(-14). Let w = 32 - r. Does 19 divide w?
False
Let w(r) = -12*r - 7. Let n be w(8). Let k = -61 - n. Suppose k = 4*b - b. Does 7 divide b?
True
Suppose -36114 = 148*k - 187*k. Is 10 a factor of k?
False
Let h = 695 - 465. Is h a multiple of 5?
True
Does 35 divide (1020/10 + 10)/((-3)/(-120))?
True
Suppose -2*h - 5*f + 9 = -0*h, -4*h + 4*f + 4 = 0. Suppose -h*t + 32 = -t. Suppose 0 = -0*u - 4*u + t. Is u a multiple of 3?
False
Let w(n) = n + 30. Let d be w(11). Suppose 2*x - d = 55. Does 16 divide x?
True
Let m(d) = 14*d. Let n be m(11). Suppose -2*y + n - 18 = 0. Is 11 a factor of (-18)/(-27) + y/6?
False
Let i be (165/6)/((-4)/(-8)). Let b = -27 + i. Does 15 divide b?
False
Let x(a) = -9*a + 6. Let v be x(-4). Let f(i) = 2*i + 1. Let p be f(2). Suppose 3*s - 2*o + p*o - v = 0, -2*s = o - 33. Is 19 a factor of s?
True
Let v(z) = -z**3 - z**2 - z - 1. Let c be v(-1). Suppose 0 = -4*q - c*q + 92. Suppose 4*u - q = 1. Does 3 divide u?
True
Suppose 103 + 72 = 5*m. Suppose 1 = r - m. Is 12 a factor of r?
True
Let x(u) = u**3 - 14*u**2 + 37*u + 19. Is 5 a factor of x(12)?
True
Suppose -43*v + 3*v + 5600 = 0. Is v a multiple of 4?
True
Let t(b) = 5 + 24 + 4*b + 22 + 1. Is 22 a factor of t(19)?
False
Suppose -5*c + 0*c - 55 = 0. Let q = c - -15. Suppose -q*b - 6 + 134 = 0. Is b a multiple of 16?
True
Suppose 0*g - 1422 = -9*g. Let o = g - 22. Is 8 a factor of o?
True
Let r(k) = 4*k - 1. Let a be r(1). Let n(v) = v + 2. Let c be n(a). Suppose 33 = 2*l - 0*b + 3*b, c*l = -5*b + 85. Is 6 a factor of l?
True
Let m = 41 + -21. Let v = m + -23. Is 9 a factor of (124/(-2))/(6/v)?
False
Suppose f + 30 = -5*i - 2*f, 3*f = 3*i - 6. Is 7 a factor of ((-1)/i)/((-12)/(-2484))?
False
Suppose -3*s + 5*s = -2*g + 1836, 3672 = 4*g - 2*s. Suppose -5*y - g = 62. Is 13 a factor of ((-2)/4)/(2/y)?
False
Let n = -9879 + 14872. Does 167 divide n?
False
Suppose 4*r + 2*k + 10 = 3*r, 3*r - 2*k - 2 = 0. Let p be (-5 + 5)/(2/r). Suppose -2*b + 120 = -p*b. Is b a multiple of 20?
True
Let s(g) = -g - 1. Let x be s(4). Let l(z) = -3*z**2 + 10*z - 22. Let p(q) = -5*q**2 + 15*q - 33. Let n(b) = x*p(b) + 8*l(b). Is n(-9) a multiple of 16?
False
Let t = -44 - -44. Suppose -7*x + t*x + 1701 = 0. Is x a multiple of 48?
False
Let f = 9 + 0. Let h(d) = 4*d**2 + 15*d + 6. Let v be h(-3). Let y = f + v. Does 2 divide y?
True
Suppose 4*n = 10*n - 294. Let c = n + -30. Does 5 divide c?
False
Suppose 18*p + 2581 = 47*p. Is 18 a factor of p?
False
Suppose -41 - 2089 = -3*y + 3*c, 5*y - 3518 = -3*c. Is 48 a factor of y?
False
Let c be (0 + -45)*(-18)/15. Let p = 97 - c. Is p a multiple of 6?
False
Let d(o) = -o**2 - 22*o - 27. Let z be (18/(-8))/((-3)/(-24)). Is d(z) a multiple of 9?
True
Suppose 5*q - 18 = -4*t - 0, 2 = 3*q - 2*t. Let d(f) = 24*f + 2. Let w be d(q). Suppose 2*v - 3*v + w = 0. Is v a multiple of 25?
True
Let r(q) = -4*q. Let f be r(17). Let j = 127 + f. Is j a multiple of 13?
False
Let u be (-2 - (-4)/3)*60/(-8). Suppose -10*n = -u*n - 475. Does 19 divide n?
True
Suppose r = -3*r + 324. Suppose 3*t - 4*t = -r. Is t a multiple of 9?
True
Let x be -4*(2 - (-33)/6). Let h = x + 40. Does 7 divide h?
False
Let i(n) = -n**2 + 3*n + 3. Let q be i(3). Suppose -y + 8 = q. Suppose -83 = -y*p - 28. Is 4 a factor of p?
False
Suppose s = -2, -36*l = -35*l - 2*s - 358. Is 13 a factor of l?
False
Does 7 divide (-32490)/(-80) - (-2)/(-16)?
True
Let c(p) = p**3 + 7*p**2 - 11*p + 4. Suppose 0 = -4*i - i + 60. Let b be i/(-10)*160/24. Does 14 divide c(b)?
True
Suppose 2*h = 5*a + 3073, 6*h - 2*a - 6170 = 2*h. Is h a multiple of 10?
False
Let s(h) = 45*h**2 + h + 2. Is s(-5) a multiple of 33?
True
Let b(m) = -4*m**3 + 5*m**2 - 5*m + 8. Let o(y) = 9*y**3 - 10*y**2 + 11*y - 17. Let t(i) = -5*b(i) - 2*o(i). Suppose -21 = 14*p - 77. Is 24 a factor of t(p)?
False
Let k(w) = -w**2 - 20*w - 7. Let a be k(-14). Let z = a - 58. Is 2 a factor of z?
False
Let j(q) = q + 3. Let c(n) = n**2 + 7*n + 5. Let w be c(-5). Let d be j(w). Does 25 divide d/1 - (-27)/1?
True
Let r(c) = 61*c + 4. Let t(v) = -v**2 + v + 37. Let s be t(6). Does 48 divide r(s)?
False
Let t be 0 + (-129)/(-6) - 6/12. Suppose -z = i - t, i - 12 = 3*z - 7*z. Is i a multiple of 3?
True
Suppose 19*t - 4 = 18*t. Suppose -q = 2*v - 169, -t*v + 13 = -7. Is 18 a factor of q?
False
Let j be (-5)/(-10)*0/2. Suppose j = -2*s + 2 - 22. Let d(l) = -l**2 - 15*l - 15. Is 7 a factor of d(s)?
True
Let t(j) = 4*j**2 - 8*j. Let x(i) = i**2 - 4*i - 7. Let s be x(6). Is t(s) a multiple of 4?
True
Let o = 3 - 23. Let r = -2 - o. Does 4 divide r?
False
Suppose 15 - 3 = 6*o. Suppose y - o = -5. Let v(h) = h**2 + h - 1. Is 4 a factor of v(y)?
False
Let y(u) = 13*u + 5. Let i(o) = 3 + 4 + 2 + 27*o. Let g(k) = 2*i(k) - 5*y(k). Is 24 a factor of g(-5)?
True
Let s = 6 + -3. Suppose z = -s*z + 12. Let l(o) = o**2 + 2*o + 4. Is 6 a factor of l(z)?
False
Let g(u) = -2*u**2 + 15*u - 4. Suppose -x = x - 12. Is 7 a factor of g(x)?
True
Suppose 11*x = 8*x - 3*c + 789, 4*c + 16 = 0. Does 45 divide x?
False
Does 46 divide (6272/(-384))/(2/(-204))?
False
Let i(u) = 10 - 18*u + 17 + 16*u. Let z be i(11). Suppose -3*g + z*c + 81 = 0, -2*g - 4*c + 47 = -5*c. Is g a multiple of 22?
True
Suppose -3*f - 3*a = -2*f - 375, -3*f = 3*a - 1125. Suppose -3*z = 3*s - f, -5*s + 385 = -0*z + 3*z. Does 20 divide z?
True
Let z = -9 + 7. Let h be 0 + z/(-4)*2. Let x(k) = 41*k**2 + 1. Does 14 divide x(h)?
True
Let o = 839 + -510. Suppose 1129 - o = 5*t. Is 11 a factor of t?
False
Let p(v) = -4*v**3 + v. Let l be p(-1). Suppose 2*m - l*n - 92 = 0, -2*m + m = 5*n - 20. Does 10 divide m?
True
Does 33 divide 26350/14 - (-96)/(-84)?
True
Suppose -r + 4 + 68 = 0. Let d = 108 - r. Is 18 a factor of d?
True
Suppose 8*a - 66 = -26. Let r(z) = 34*z - 4. Is 11 a factor of r(a)?
False
Suppose -360*i = -361*i + 264. Is 12 a factor of i?
True
Let y = -26 - -426. Is y a multiple of 8?
True
Suppose 1 = -y, -6*y = 2*w - 4*y - 382. Does 16 divide w?
True
Suppose 2*c - 4*c = -3*p + 6, 5*p + 5*c = -15. Suppose b + d = 0, 3*b + 16 = 2*d - d. Is (-1)/(b/148 + p) a multiple of 12?
Fal